1)/1. Let n = l + 20. List the prime factors of n.
3
Let j(t) = -5*t - 1 - 7*t - 5*t. What are the prime factors of j(-1)?
2
Let x = -3 + 7. Suppose 3*d + 2 + x = 0. List the prime factors of 4*1*d*-1.
2
Suppose -1452 = -22*o + 16*o. List the prime factors of o.
2, 11
Suppose 16 = -4*g, -3*w + 784 - 207 = -4*g. What are the prime factors of w?
11, 17
Let n(j) be the second derivative of -j**5/20 - j**4/4 - j**3/6 - j**2/2 - j. Let o be n(-3). Let u = o + 1. List the prime factors of u.
3
Let f(i) = -i + 1. Suppose -3*n + 4*n + 1 = 0. What are the prime factors of f(n)?
2
Let v(b) = -b**2 + 8*b + 11. Let i be v(9). List the prime factors of 1/(1/26*i).
13
Suppose -3*v - 4 = -2*x - 2*v, -x = -v. Suppose 2*j - 3*j + 2 = -m, 4*j = m - x. List the prime factors of (-3)/(-3)*10 + j.
2
Let w be (-9)/(-6)*280/(-6). What are the prime factors of 12/(-18) - w/6?
11
Suppose -119 - 106 = -5*y. List the prime factors of y.
3, 5
Let o = -15 + 3. Let a = o + 51. What are the prime factors of a?
3, 13
Suppose g - 2*f = 270, 2*g + 10*f = 5*f + 513. What are the prime factors of g?
2, 3, 11
Suppose -b = -39 + 4. Suppose 87 - b = 2*q. List the prime factors of q.
2, 13
Let f(m) = 41*m - 9. What are the prime factors of f(4)?
5, 31
Let j(s) = -s**3 + 4*s**2 - s. Let d be j(3). Let q(z) = -z - 3. Let y be q(d). Let t = y - -18. What are the prime factors of t?
3
Let g(p) = 0 - 6 - 1 + p. Let w be g(5). What are the prime factors of (8/10)/(w/(-20))?
2
Let b = 106 - 73. List the prime factors of b.
3, 11
Suppose 3*x = 2*n - 123, 2*n + 0*x - 4*x = 128. List the prime factors of n.
2, 3
Suppose 0 = o - 0*p - 2*p + 14, 0 = -4*o - 2*p - 46. Let v = -4 - o. Suppose v*j - 4*j = 28. What are the prime factors of j?
7
Let q(j) = j**3 + 11*j**2 + 12*j + 13. What are the prime factors of q(-9)?
67
What are the prime factors of (24/(-10))/((-10)/225)?
2, 3
Let z(q) = -q**3 + 9*q**2 - 6*q + 11. Let b be z(8). Let w = -16 + b. List the prime factors of w.
11
Suppose 5*i - 1542 = -4*q, 6*i + 5*q = 10*i - 1209. List the prime factors of i.
2, 3, 17
Let g(m) = -5*m**2 - 11*m - 5. Let c(t) = 2*t**2 + 5*t + 3. Let z(y) = -7*c(y) - 3*g(y). Suppose -3*u + 0*u = -15. What are the prime factors of z(u)?
3
Let r(j) be the second derivative of j**4/12 - 5*j**3/3 + 6*j**2 - j. List the prime factors of r(10).
2, 3
Suppose 4*a + 2*c - 22 = 0, -8 = -3*c + 7. Let f = a - -6. What are the prime factors of f?
3
Suppose 895 = 5*t - 855. List the prime factors of t.
2, 5, 7
Let z(d) = d**3 - 6*d**2 + 4*d - 5. Let n be z(4). What are the prime factors of (-594)/(-14) + n/49?
2, 3, 7
List the prime factors of 0*(-2)/4 - 1225/(-7).
5, 7
Let p = 36 + -20. What are the prime factors of p?
2
Suppose i = -0 + 4. Suppose s - 42 = i*w, 4*s = w + 43 + 50. What are the prime factors of s?
2, 11
Suppose -2*u + 0*d + 5*d + 369 = 0, 3*u - 2*d - 570 = 0. List the prime factors of u.
2, 3
Let v = -4 + 7. Suppose 5*o + 47 = -5*u - v, 0 = 5*o - 5*u + 70. List the prime factors of (-1 - o) + -2 + 4.
13
List the prime factors of 11436/54 - 2/(-9).
2, 53
Suppose 4*k - 5*r = 31, 3*k - 76 = -k - 4*r. What are the prime factors of k?
2, 7
Let g(y) = -13*y - 8. Let o be g(-4). Suppose 6*c = 2*c + o. What are the prime factors of c?
11
Let y(b) = -b**2 + 7*b - 7. Let k be y(9). Let d = k + 35. List the prime factors of d.
2, 5
Let c be -6*(-1)/(-2)*-1. Suppose 3*o + 4*h = -0*h - 12, c*o - 2*h - 6 = 0. Suppose 3 = -o*x + x. List the prime factors of x.
3
Suppose 4*j = 5*i - 2082, -3*j + 408 = i - j. List the prime factors of i.
2, 3, 23
Let m = 207 - 127. Suppose -x - m = -5*x. List the prime factors of x.
2, 5
Suppose -3*q + q - 8 = -n, 0 = 5*n + 4*q + 2. Let p = n + 3. Suppose -5*f + 50 = 5*h, -p*f + 45 = -3*f - 3*h. What are the prime factors of f?
3, 5
Suppose 0 = -4*u - 5*j + 65, 2*u - 25 = -0*u - 5*j. Let o = u - 11. What are the prime factors of o?
3
Let l(j) = j**2 + 9*j + 11. Suppose -2*s + 4*s + 18 = 0. What are the prime factors of l(s)?
11
Suppose 1 = a - 1. Suppose a*m = -m + 6. What are the prime factors of m?
2
Let k(u) = -2*u**2 + 19*u - 9. Let v be k(9). Suppose v*h = -5*h + 230. List the prime factors of h.
2, 23
Let x(s) = s**2 + s - 5. Let n be x(-5). Suppose -n + 59 = 4*c. Suppose -f + c = 2*k - 5, -20 = -4*k - 5*f. What are the prime factors of k?
2, 5
Suppose 97 = 4*f - n, 2*n + n + 61 = 2*f. What are the prime factors of f?
23
Let p = -164 - -273. List the prime factors of p.
109
Let l be (-2)/(-3) - (-20)/15. Let y be -2 - (-2)/l - -39. Suppose y = 5*v - 22. What are the prime factors of v?
2, 3
Let m(i) = -i - 9. Let v be m(-11). Suppose 0*a = 2*a - v, 23 = 3*o + 5*a. What are the prime factors of o?
2, 3
Let n be 1*(-84)/(1 + 3). Let g = -11 - n. List the prime factors of g.
2, 5
Let i(n) = 3*n**2 + 2*n + 14. What are the prime factors of i(-8)?
2, 5, 19
Let b be ((-2)/2)/(4/(-32)). Suppose 10 = a - b. What are the prime factors of a?
2, 3
Let c(t) = -t - 1. Let z(h) = h - 2. Let s(a) = -2*c(a) - z(a). List the prime factors of s(-2).
2
Let u = -33 + 46. What are the prime factors of u?
13
Suppose -o = -3*n + 12, 0*n = 3*n + 3*o - 24. List the prime factors of n.
5
Let v(w) = w + 14. Suppose 3*b - 19 = 2. Let y = -1 - b. What are the prime factors of v(y)?
2, 3
Let w(c) = -1. Let o(p) = 5*p - 1. Let t(g) = -o(g) + 2*w(g). What are the prime factors of t(-1)?
2
Let g(f) = f + 1. Let j be g(2). Suppose 0 = -o + 2, j*o = c + 7*o - 93. Suppose 0 = 5*q + 5*l - c, -36 = -3*q + 5*l - 3*l. What are the prime factors of q?
2, 7
Let t(r) = -r**3 - 7*r**2 - 5*r + 2. Let i be t(-6). What are the prime factors of (-1 + i + -3)/(-1)?
2
Suppose -4*i - 24 - 32 = 4*b, 0 = 2*i - b + 28. What are the prime factors of (-11 + 10)/(2/i)?
7
Let y(z) = -3*z + 1. Suppose 0 = -0*n - 3*n + 15. Suppose 0 = -2*f + 4*l - 24, f - 28 = 3*f - n*l. What are the prime factors of y(f)?
13
Let i be 3/(0 + 3) + 2. Let c = -5 + i. Let r(o) = o**3 + 5*o**2 + 2*o + 3. List the prime factors of r(c).
11
Let y = 292 + -152. What are the prime factors of y?
2, 5, 7
Suppose -5*r + 35 = 5*f, r - 5*r - 2*f + 22 = 0. Let a(j) = -j**3 - 5*j**2 + 3*j + 6. Let q be a(-6). What are the prime factors of ((-4)/(-6))/(r/q)?
2
Suppose 5*p + 113 - 36 = 2*j, -3*j + 113 = -5*p. List the prime factors of j.
2, 3
Let i(f) = -f**3 + f**2 + f + 1. Let k be i(2). Let g = 11 - k. What are the prime factors of g?
2, 3
Let g = 45 - 25. Suppose 0*a = 2*a - g. What are the prime factors of a?
2, 5
Suppose 3*g = -5*x + 152, -3*g + 5*x - 13 + 125 = 0. Let c = g - 18. List the prime factors of c.
2, 13
List the prime factors of (-2)/9 - (-2963)/9.
7, 47
Let u(j) = 56*j + 3. Let v be u(3). What are the prime factors of 3971/v + 2/(-9)?
23
Let x = 231 + -105. List the prime factors of x.
2, 3, 7
Suppose -r = -3*r + 6. What are the prime factors of 12/r + (-48)/(-2)?
2, 7
Let v = 227 - 106. What are the prime factors of v?
11
What are the prime factors of (9/6)/((-12)/(-16))?
2
Let z(b) = b**3 - 4*b**2 - b. Let y be z(3). Let u = 8 + y. Let a(j) = 2*j**2 + 3*j - 1. List the prime factors of a(u).
19
Let f(b) = -b**3 + b**2 - b + 41. Let l be f(0). Suppose -4*m - 5*t + l = 0, -3*t = -m + 19 + 4. What are the prime factors of m?
2, 7
Let a(h) = -3*h - 5. Let q(w) = -4*w - 7. Let r(f) = 8*a(f) - 5*q(f). List the prime factors of r(-6).
19
Let m(z) = -7*z. Let j(o) = -o**3 - 6*o**2 - 5*o - 1. Let u be j(-5). What are the prime factors of m(u)?
7
Let n be 3 + -3 + 16 + -1. Suppose 3*j + 2*j = n. Let x = 5 - j. What are the prime factors of x?
2
Let s = -8 - -19. Let v = s + -9. List the prime factors of v.
2
Let x = -45 - -65. List the prime factors of x.
2, 5
Let s = 3 + -1. Suppose -s*p - 3*p + 25 = 0. List the prime factors of p.
5
Let x = 37 + -26. List the prime factors of x.
11
Let s(f) be the second derivative of -f**5/60 - 5*f**4/24 + 5*f**3/6 + f**2 - 2*f. Let y(p) be the first derivative of s(p). List the prime factors of y(-5).
5
Let i be -2 + (2 - -3) + -2. Let m(f) = 8*f**2 - 1. What are the prime factors of m(i)?
7
Let a(b) = -b**3 - 7*b**2 - 5*b + 6. Let d be a(-6). Suppose d = 2*i + i - 33. What are the prime factors of i?
11
Suppose -3 = -4*m + 13. Let q(c) = 2*c**3 - 7*c**2 + 5*c + 1. What are the prime factors of q(m)?
37
Suppose l + 4 - 14 = 0. Suppo